git of 6362?
3
What is the tens digit of 1948?
4
What is the units digit of 646?
6
What is the hundreds digit of 13229?
2
What is the thousands digit of 4897?
4
What is the units digit of 12152?
2
What is the hundreds digit of 35903?
9
What is the thousands digit of 59637?
9
What is the tens digit of 11698?
9
What is the tens digit of 1113?
1
What is the ten thousands digit of 61438?
6
What is the hundreds digit of 12099?
0
What is the tens digit of 60749?
4
What is the thousands digit of 16674?
6
What is the thousands digit of 1187?
1
What is the hundreds digit of 16737?
7
What is the ten thousands digit of 24846?
2
What is the tens digit of 12745?
4
What is the hundreds digit of 13608?
6
What is the hundreds digit of 142?
1
What is the thousands digit of 4694?
4
What is the tens digit of 5559?
5
What is the hundreds digit of 2303?
3
What is the units digit of 1294?
4
What is the tens digit of 532?
3
What is the ten thousands digit of 57635?
5
What is the tens digit of 321?
2
What is the units digit of 10860?
0
What is the thousands digit of 4128?
4
What is the tens digit of 8188?
8
What is the tens digit of 50?
5
What is the hundreds digit of 3124?
1
What is the tens digit of 1247?
4
What is the units digit of 845?
5
What is the tens digit of 2720?
2
What is the hundreds digit of 11185?
1
What is the ten thousands digit of 20475?
2
What is the thousands digit of 26108?
6
What is the thousands digit of 5004?
5
What is the hundreds digit of 3545?
5
What is the thousands digit of 12748?
2
What is the hundreds digit of 835?
8
What is the hundreds digit of 3482?
4
What is the tens digit of 1641?
4
What is the hundreds digit of 714?
7
What is the units digit of 371?
1
What is the units digit of 582?
2
What is the hundreds digit of 574?
5
What is the tens digit of 21217?
1
What is the units digit of 725?
5
What is the tens digit of 1248?
4
What is the thousands digit of 24870?
4
What is the thousands digit of 157811?
7
What is the tens digit of 2084?
8
What is the thousands digit of 11948?
1
What is the tens digit of 43?
4
What is the thousands digit of 5668?
5
What is the thousands digit of 13610?
3
What is the tens digit of 7133?
3
What is the thousands digit of 4303?
4
What is the hundreds digit of 180?
1
What is the units digit of 25030?
0
What is the thousands digit of 108042?
8
What is the tens digit of 2273?
7
What is the hundreds digit of 10091?
0
What is the tens digit of 20766?
6
What is the hundreds digit of 1723?
7
What is the tens digit of 52973?
7
What is the tens digit of 346?
4
What is the thousands digit of 2536?
2
What is the hundred thousands digit of 204448?
2
What is the hundreds digit of 733?
7
What is the tens digit of 200?
0
What is the thousands digit of 1320?
1
What is the tens digit of 5191?
9
What is the units digit of 33400?
0
What is the units digit of 1672?
2
What is the ten thousands digit of 19461?
1
What is the units digit of 4819?
9
What is the ten thousands digit of 138001?
3
What is the ten thousands digit of 165292?
6
What is the units digit of 2117?
7
What is the hundreds digit of 86831?
8
What is the hundred thousands digit of 152848?
1
What is the hundreds digit of 9051?
0
What is the hundreds digit of 7020?
0
What is the thousands digit of 32960?
2
What is the units digit of 9975?
5
What is the ten thousands digit of 26998?
2
What is the units digit of 30?
0
What is the tens digit of 2116?
1
What is the hundreds digit of 26360?
3
What is the thousands digit of 5805?
5
What is the tens digit of 1519?
1
What is the tens digit of 2337?
3
What is the tens digit of 4680?
8
What is the units digit of 1401?
1
What is the units digit of 490?
0
What is the thousands digit of 7363?
7
What is the hundreds digit of 1994?
9
What is the units digit of 19182?
2
What is the units digit of 18097?
7
What is the tens digit of 464?
6
What is the tens digit of 4899?
9
What is the hundreds digit of 364?
3
What is the tens digit of 964?
6
What is the hundreds digit of 8656?
6
What is the units digit of 6815?
5
What is the hundreds digit of 10084?
0
What is the thousands digit of 6619?
6
What is the hundreds digit of 366?
3
What is the tens digit of 451?
5
What is the tens digit of 1653?
5
What is the units digit of 636?
6
What is the units digit of 264?
4
What is the tens digit of 1850?
5
What is the tens digit of 470?
7
What is the thousands digit of 51109?
1
What is the units digit of 9555?
5
What is the tens digit of 1108?
0
What is the units digit of 38912?
2
What is the tens digit of 7298?
9
What is the ten thousands digit of 24586?
2
What is the ten thousands digit of 138780?
3
What is the ten thousands digit of 20766?
2
What is the hundreds digit of 84199?
1
What is the units digit of 20391?
1
What is the units digit of 76279?
9
What is the thousands digit of 120360?
0
What is the tens digit of 253?
5
What is the units digit of 1101?
1
What is the thousands digit of 10826?
0
What is the thousands digit of 4587?
4
What is the tens digit of 810?
1
What is the units digit of 12594?
4
What is the thousands digit of 1326?
1
What is the tens digit of 34540?
4
What is the tens digit of 2528?
2
What is the units digit of 196?
6
What is the units digit of 1223?
3
What is the units digit of 66473?
3
What is the hundreds digit of 1815?
8
What is the hundreds digit of 404?
4
What is the hundreds digit of 45367?
3
What is the units digit of 12830?
0
What is the tens digit of 5898?
9
What is the units digit of 359?
9
What is the hundreds digit of 8325?
3
What is the units digit of 781?
1
What is the units digit of 33061?
1
What is the hundreds digit of 55253?
2
What is the hundreds digit of 91026?
0
What is the hundreds digit of 1575?
5
What is the thousands digit of 2489?
2
What is the hundreds digit of 55369?
3
What is the units digit of 3191?
1
What is the hundreds digit of 1015?
0
What is the thousands digit of 1043?
1
What is the tens digit of 36613?
1
What is the thousands digit of 16299?
6
What is the tens digit of 99?
9
What is the thousands digit of 57893?
7
What is the tens digit of 13630?
3
What is the units digit of 1066?
6
What is the tens digit of 25653?
5
What is the units digit of 33370?
0
What is the ten thousands digit of 45116?
4
What is the thousands digit of 1892?
1
What is the hundreds digit of 26053?
0
What is the tens digit of 2341?
4
What is the hundreds digit of 55510?
5
What is the hundreds digit of 70838?
8
What is the hundreds digit of 1139?
1
What is the hundreds digit of 303?
3
What is the tens digit of 1959?
5
What is the tens digit of 4028?
2
What is the thousands digit of 19767?
9
What is the tens digit of 2125?
2
What is the units digit of 252?
2
What is the hundred thousands digit of 165196?
1
What is the thousands digit of 43337?
3
What is the units digit of 5348?
8
What is the tens digit of 128199?
9
What is the ten thousands digit of 41468?
4
What is the tens digit of 1085?
8
What is the tens digit of 730?
3
What is the hundreds digit of 864?
8
What is the hundreds digit of 379?
3
What is the tens digit of 6540?
4
What is the hundreds digit of 1612?
6
What is the thousands digit of 6788?
6
What is the tens digit of 1296?
9
What is the units digit of 110197?
7
What is the units digit of 2046?
6
What is the units digit of 156134?
4
What is the thousands digit of 6662?
6
What is the units digit of 6102?
2
What is the ten thousands digit of 19608?
1
What is the thousands digit of 17570?
7
What is the units digit of 20522?
2
What is the hundreds digit of 1202?
2
What is the tens digit of 42?
4
What is the ten thousands digit of 103451?
0
What is the thousands digit of 4287?
4
What is the units digit of 1842?
2
What is the tens digit of 399?
9
What is the ten thousands digit of 13142?
1
What is the ten thousands digit of 93932?
9
What is the tens digit of 590?
9
What is the tens digit of 1793?
9
What is the tens digit of 1741?
4
What is the hundreds digit of 32328?
3
What is the units digit of 68?
8
What is the units digit of 105?
5
What is the ten thousands digit of 18255?
1
What is the thousands digit of 16315?
6
What is the thousands digit of 21122?
1
What is the tens digit of 615?
1
What is the units digit of 60176?
6
What is the hundreds digit of 12054?
0
What is the tens digit of 58294?
9
What